 = t*q. What is the remainder when 155 is divided by q?
38
Let p be (-8)/(-5)*(-5)/(-2). Suppose -p*l - 72 + 616 = 0. Suppose -25 = 7*k - 2*k, 0 = -2*n + 2*k + l. Calculate the remainder when n is divided by 32.
31
Suppose -23*l - 668 = 781. What is the remainder when 221 is divided by 7 - l/(-7) - (-80 + 2)?
69
Suppose w - 80 = -5*z + 3*w, 2*z - 2*w - 26 = 0. What is the remainder when 5 - ((-312)/9)/(14/21) is divided by 212/z + (-2)/(-9)?
9
Suppose -20*j - 2704 = -7*j. Let u = 213 + j. Calculate the remainder when 28 is divided by u.
3
Let r = 14416 - 13992. What is the remainder when 858 is divided by r?
10
Suppose 5*d - 4774 = -4*r, 5*d - 598*r + 594*r = 4806. Calculate the remainder when d is divided by 10.
8
Suppose 2*p = 585 + 787. What is the remainder when p is divided by 220?
26
Suppose -196*a = -195*a + 5*j - 921, 0 = -4*a - 2*j + 3810. Calculate the remainder when a is divided by 33.
32
Suppose 0 = -3*y - 4*p + 439, -44*y + 40*y + 520 = -4*p. Calculate the remainder when 141 is divided by y.
4
Suppose -27 = f + 4*w + 31, -3*w - 9 = 0. Let n = -48 - f. Let d(v) = v**3 + 3*v**2 - v + 4. Calculate the remainder when d(n) is divided by 3.
1
Let p = -21822 + 23584. What is the remainder when p is divided by 152?
90
Let f = 25 + -23. Suppose -4*j - 12 = i, -4*i - 2*j = i - 30. Suppose -22 = -f*m + i. Calculate the remainder when 58 is divided by m.
13
Let j(n) = 1 - 37*n - 37*n + 13*n. Calculate the remainder when j(-1) is divided by 7560/468 + (-6)/39.
14
Let j = -20288 - -20326. Calculate the remainder when j is divided by 20.
18
Suppose 0 = -6*q + 17 + 7. Let w be -3 - (q - 36) - -4. Suppose 33 = 2*a - w. What is the remainder when a is divided by 5?
3
Suppose 0 = -530*g + 86*g + 68376. Suppose -3*i = 4*t - 205, i + 25 = -4*i. Calculate the remainder when g is divided by t.
44
What is the remainder when 3/(-6) - -1 - (-5)/(20/758) is divided by 49?
43
Suppose 3*m = -3*q + 1845, -m - 464 - 775 = -2*q. Suppose -q = o - 7*o. What is the remainder when o is divided by (-26)/4*(2 - 6)?
25
Let c be 2/6 - 7424/(-12). Let i = 752 - c. What is the remainder when 405 is divided by i?
6
Suppose m - 4*m + 2*t + 242 = 0, -10 = -2*t. Suppose -5*q - 9 = 2*n - 25, -3*n = -q - 41. Calculate the remainder when m is divided by -3*15/(-9) + n.
12
Let d = -5 + 13. What is the remainder when (-13692)/(-49) - (-54)/(-126) is divided by d?
7
Let w(f) = f**3 - 4*f**2 - 5*f - 7. Let x be w(5). Let a(q) = 25*q - 74. Let t be a(4). Let c = x + t. Calculate the remainder when 35 is divided by c.
16
Let g(p) = -53*p - 174. Let a(f) = -28*f - 88. Let l(o) = 5*a(o) - 3*g(o). Calculate the remainder when 103 is divided by l(-4).
1
Let c be 5/(-4) - 1225/(-100). Suppose c*f - 28 = 16. Calculate the remainder when 194 is divided by f.
2
Let u(k) = -k**3 - 16*k**2 - 73*k - 10. Calculate the remainder when 177 is divided by u(-5).
17
Let o = -1438 + 2442. Suppose 784 = -10*i + o. Suppose v = -4*v + 170. What is the remainder when v is divided by i?
12
Calculate the remainder when 6126 is divided by (-102)/170*1530/(-27).
6
Let m(y) = 2 + y - 5 - 4 - 8. Let d be m(8). Let b(o) = 2*o**2 - 8*o - 6. What is the remainder when b(d) is divided by 30?
28
Let v(j) = -38*j - 884. Let q = -27 - -192. Calculate the remainder when q is divided by v(-24).
25
Suppose 3*j + 4*s = -0*s - 10, -3*j - 22 = -2*s. What is the remainder when 312 is divided by (4/8)/(635/(-106) - j)?
47
Suppose 0 = -x + 2*d - 186 + 208, 0 = d - 2. What is the remainder when 1595 is divided by x?
9
Suppose 5*r - 60*y - 390 = -64*y, 0 = -4*r + 3*y + 312. What is the remainder when 239 is divided by r?
5
Let c(o) = -3*o**2 + 12*o + 13. Let j be c(4). Suppose -10*g - a - 257 = -j*g, 3*a + 249 = 3*g. Calculate the remainder when g is divided by 47.
40
Let m(b) = 585*b**2 - 79*b + 79. Calculate the remainder when m(1) is divided by 284.
17
Suppose 40*u + 1101 = 3741. Calculate the remainder when u is divided by 47.
19
Let q be (-1295)/(-119) - 4/(-34). Suppose 2*g = -3*y + 158, -3*y - 10*g = -q*g - 173. Calculate the remainder when 223 is divided by y.
55
Let z = -1868 - -2310. What is the remainder when z is divided by 28?
22
Let b(r) = -r**2 + 15*r + 3. Let c be (5 - 3)/(4/26). Suppose -2860 = -33*g + 13*g. What is the remainder when g is divided by b(c)?
27
Suppose -625*g + 661*g = 1224. Calculate the remainder when 2714 is divided by g.
28
Let t be 12/15 + 112/35. Suppose -z + 8*z - 56 = 0. Suppose -z = t*x - 16. What is the remainder when 3 is divided by x?
1
Let t(z) = 2*z**2 + 17*z - 78. Let i be t(9). Suppose 4*a - i = 5*k, 4*k = -6*a + 9*a - 179. Calculate the remainder when 315 is divided by a.
50
Suppose 4*s - 1850 = -5*p, -p + 324 = 3*s - 57. Calculate the remainder when p is divided by 41.
38
Suppose -4*u - 23 = -239. Suppose -122 + 710 = 21*a. What is the remainder when u is divided by a?
26
Let t(i) = 3*i**2 - 32*i - 12 + 37*i + 13*i. Suppose -3*l - 4*j + 133 = 0, -l + 48 = j + 5. Calculate the remainder when t(-11) is divided by l.
36
Let u(k) = 54*k - 1. Suppose -1657*c = 479*c - 41877 - 39291. What is the remainder when u(2) is divided by c?
31
Let k(n) be the second derivative of 5*n**4/12 - n**3/6 - n**2/2 - 2*n - 32. What is the remainder when k(-4) is divided by 6/(-10) - (-1090)/25?
40
Suppose -5*a + 0 = -25. Suppose -5*p + 5*m + 695 = 0, -4*p - a*m + 229 = -363. Calculate the remainder when p is divided by 24.
23
Let v = 133 + -127. Calculate the remainder when 92 + -1 - (4 - v) is divided by 24.
21
Suppose 3*d - 6 = -9. Let v be 24/(-20)*(129/(-9) - d). Suppose 0 = -21*g + v*g + 175. What is the remainder when g is divided by 6?
5
Let q be 65*(8/100)/1*145. Suppose -q = 10*x - 23*x. What is the remainder when 172 is divided by x?
56
Calculate the remainder when 1478 is divided by (-6)/(-4)*(-16)/276 - (-1004868)/4738.
206
Let r be 7/(35/(-10))*6/(-4). Suppose r*f - 2 = 55. Calculate the remainder when 49 is divided by f.
11
Let o be (-2)/(-5)*1680/(-12). Let z = 42 - o. Let a = z - 81. What is the remainder when 50 is divided by a?
16
Suppose 3*f - 8*f + 32 = -4*f. What is the remainder when 2655 is divided by f?
31
Suppose -2*k + 683 - 956 = -y, 0 = 3*y + 3*k - 801. What is the remainder when y is divided by 191?
78
What is the remainder when 3561 is divided by ((-13)/(-1) - (1 - 1))/(270/540)?
25
What is the remainder when 359 is divided by (((-72)/7)/(-3))/((-517)/77 + 7)?
11
Let w(l) be the second derivative of -73*l**3/6 + l**2 + l + 165. Calculate the remainder when w(-1) is divided by 10.
5
Let p = -398 - -156. Calculate the remainder when ((-134)/3)/(4/(-6)) is divided by 2 + (-48)/21 + p/(-14).
16
Let t be (-1 + 1)/(-4)*-1. Calculate the remainder when 353 is divided by 2/(10/355) - (t + 0).
69
Suppose 0 = 2*l - 15*p + 11*p - 26, -5*p + 104 = 4*l. Calculate the remainder when 47/(-3)*3/(-1) is divided by l.
5
Suppose 3*g - 3*s = g + 3, g + 2*s - 12 = 0. Let m = 18 + 1. Calculate the remainder when 51 - ((g - 11) + 0) is divided by m.
18
Suppose 0 = -11*q + 6*q - k + 8, 3*q = 5*k - 12. Let x(b) = 11*b - 3. What is the remainder when 85 is divided by x(q)?
5
Suppose -887 + 2174 = -q + 10*q. What is the remainder when 289 is divided by q?
3
Let w be (430/40 - 10)/(1/1864). Suppose -w = -10*d + 622. Calculate the remainder when d is divided by 68.
66
Let v = 50 + -36. Let o = 1850 + -1725. Calculate the remainder when o is divided by v.
13
Let f = -225 - -310. Suppose -336 = -89*i + f*i. What is the remainder when i is divided by 19?
8
Let t(p) be the second derivative of 4*p**3/3 + 7*p**2/2 + 17*p. Let n(s) = 3*s**2 - 4*s + 2. What is the remainder when n(5) is divided by t(1)?
12
Suppose 2*n - 4*b - 50 = 0, -5*b - 40 = -2*n - 3*b. Let z = -5 - -7. Suppose -3 - 51 = -z*a. Calculate the remainder when a is divided by n.
12
Let k = 1555 + -817. Let p = -398 + k. What is the remainder when p is divided by 38?
36
Suppose g - n = 247, -g + 5*n + 783 = 548. Calculate the remainder when g is divided by (3/(-2))/(1/(-34)).
46
Let n(v) = 2*v**3 + 45*v**2 + 51*v - 26. Calculate the remainder when n(-21) is divided by 59.
49
Suppose 3*c = -5*o - 11, 0 = -3*c + 7*c - 2*o - 20. What is the remainder when (c/(15/(-4)))/((-32)/1600) is divided by 22?
18
Let j(r) = 1329*r - 6222. Calculate the r